b(-213).
-17
Let y(a) = 1372015*a + 30184343. Determine y(-22).
13
Let i(j) = -142*j**2 - 435*j - 25. What is i(-3)?
2
Let w(o) = -o**2 - 516*o + 48262. Calculate w(81).
-95
Let t(n) = -1670*n + 230689. Determine t(138).
229
Let w(b) = -b**2 + 346689*b + 25. Calculate w(0).
25
Let b(j) = -6*j**3 + 20*j**2 - 4*j + 68. Determine b(4).
-12
Let g(v) = 6*v**2 + 1187*v - 6124. What is g(5)?
-39
Let n(z) = 37*z**3 + 1961*z**2 + 3*z + 178. Calculate n(-53).
19
Let v(m) = -1644*m + 24735. Calculate v(15).
75
Let x(t) = -3*t**2 - 740*t - 3686. What is x(-5)?
-61
Let r(b) = -419*b + 8523. Determine r(22).
-695
Let i(z) = -2440*z + 1639510. Calculate i(672).
-170
Let i(x) = -x**2 + 16981*x - 220560. What is i(13)?
24
Let x(m) = m**3 - 287*m**2 + 1734*m - 279. Determine x(6).
9
Let f(t) = 861*t - 17536. Calculate f(20).
-316
Let t(s) = 2*s**3 - 107*s**2 + 69*s - 6633. What is t(54)?
9
Let y(v) = 3*v**3 - 109*v**2 + 121*v - 2997. What is y(36)?
63
Let m(j) = -j**3 + 276*j**2 - 8015*j - 156. Calculate m(33).
-24
Let t(f) = -3*f**2 + 958*f - 69107. Calculate t(110).
-27
Let n(g) = -4*g**2 + 2042*g + 113333. Calculate n(561).
11
Let u(c) = c**2 + 2623*c - 7865. Calculate u(3).
13
Let k(n) = 689*n**2 + 5509*n - 62. Determine k(-8).
-38
Let x(j) = 53*j**2 + 1281*j + 5162. Give x(-4).
886
Let b(u) = -163*u**2 + 3121*u + 6329. What is b(21)?
-13
Let x(m) = m**3 - 13*m**2 + 40*m + 31. Determine x(10).
131
Let z(v) = -13*v**3 - 10*v**2 + 65*v - 122. Determine z(3).
-368
Let t(q) = 657*q + 24190. Calculate t(-37).
-119
Let c(t) = -t**3 + 27*t**2 + 3*t + 415. Give c(0).
415
Let o(k) = 634*k + 20922. What is o(-35)?
-1268
Let m(i) = -2*i**3 + 303*i**2 - 4568*i - 80. Calculate m(17).
5
Let y(k) = 342*k - 20956. What is y(61)?
-94
Let i(u) = u**3 - 62*u**2 - 264*u + 41. What is i(66)?
41
Let n(d) = 2*d**3 + 483*d**2 + 4402*d - 1150. Calculate n(-232).
242
Let o(g) = -69649*g - 1671572. Calculate o(-24).
4
Let d(n) = n**3 + 21*n**2 - 290*n - 5792. Determine d(-22).
104
Let c(x) = x**3 - 49*x**2 + 252*x + 632. Give c(43).
374
Let d(g) = 9*g**2 + 258*g - 6050. What is d(-45)?
565
Let y(f) = -f**2 - 1505*f - 510790. Determine y(-517).
6
Let j(q) = 56*q**2 + 4724*q + 1675. What is j(-84)?
-5
Let c(i) = -277777*i - 14999953. Give c(-54).
5
Let p(u) = 29288*u**2 - 2928803*u + 294. Calculate p(100).
-6
Let s(y) = 2*y**3 + 32*y**2 - 9*y - 593. Determine s(-15).
-8
Let c(y) = -y**2 - 14889*y + 283401. What is c(19)?
149
Let y(h) = 96*h - 3344. Determine y(31).
-368
Let f(i) = -42*i - 6155. What is f(-147)?
19
Let u(w) = 153*w**3 - 9*w**2 + 3*w. Determine u(-1).
-165
Let g(q) = q**3 + 9*q**2 - 349*q - 3178. Calculate g(-10).
212
Let v(q) = 2*q**3 - 6*q**2 - 10*q - 72. What is v(6)?
84
Let k(q) = -q**3 - 12*q**2 + 647*q + 8797. Determine k(-13).
555
Let q(p) = p**3 - 17*p**2 + 437*p - 4131. Give q(11).
-50
Let w(b) = 2*b**2 + 447*b - 140625. Calculate w(176).
-1
Let u(v) = 24*v**3 - 172*v**2 - 31*v + 421. Determine u(7).
8
Let o(c) = 72*c**2 - 4028*c - 303. Determine o(56).
-79
Let p(x) = 1327*x - 9358. What is p(7)?
-69
Let o(c) = -c**2 - 66*c + 2269. Determine o(-89).
222
Let y(k) = -2695*k + 85676. What is y(32)?
-564
Let k(m) = m**3 + 57*m**2 + 423*m - 424. What is k(-48)?
8
Let o(u) = 74215*u + 816371. Calculate o(-11).
6
Let v(a) = a**3 - 32*a**2 - 1872*a + 787. Give v(62).
43
Let r(f) = -149119*f - 13718941. Give r(-92).
7
Let g(b) = -4*b**3 - 5*b**2 + 23*b + 133. Calculate g(-5).
393
Let k(m) = 9034*m + 903396. What is k(-100)?
-4
Let c(o) = -o**2 + 1079*o - 238740. Give c(311).
108
Let g(v) = -3*v**3 + 20*v**2 + 125*v + 76. Calculate g(-4).
88
Let v(l) = -l**3 - l**2 - 1243*l - 8640. Give v(-7).
355
Let f(g) = -2964*g**2 - 29656*g - 18. Calculate f(-10).
142
Let t(y) = -4024*y + 11823. Determine t(3).
-249
Let l(s) = s**3 - 104*s**2 + 109*s - 11349. What is l(104)?
-13
Let z(g) = -7*g**2 + 117*g + 231. Give z(-2).
-31
Let q(o) = -51*o - 4808. Determine q(-88).
-320
Let o(t) = -54*t**2 + 251*t - 270. Give o(3).
-3
Let t(y) = y**3 + 5*y**2 + 198*y + 2915. Determine t(-11).
11
Let h(o) = -o**3 + 384*o**2 + 69402*o + 5401. Determine h(518).
221
Let c(d) = -d**2 + 88*d + 665. Determine c(89).
576
Let y(t) = -103*t**2 - 45*t - 20. Calculate y(1).
-168
Let w(q) = 1330*q + 9347. Calculate w(-7).
37
Let j(p) = -11670*p - 1493781. Determine j(-128).
-21
Let f(h) = 18*h**3 - 1189*h**2 + 38*h + 1453. Calculate f(66).
-395
Let y(l) = -75853*l + 227489. Calculate y(3).
-70
Let o(p) = -14*p**2 - 528*p + 2065. Calculate o(4).
-271
Let v(w) = 103926*w + 1351030. What is v(-13)?
-8
Let f(q) = 1497*q - 552409. Determine f(369).
-16
Let c(q) = 5184*q + 9997. Give c(-2).
-371
Let z(v) = 752*v**2 - 213*v + 8. Determine z(1).
547
Let n(b) = -3*b**2 + 79*b - 681. Give n(20).
-301
Let t(d) = -25*d**2 + 512*d + 2091. Calculate t(-4).
-357
Let c(r) = r**3 - 47*r**2 + 547*r - 64. Calculate c(25).
-139
Let f(r) = 363*r - 3362. Calculate f(11).
631
Let k(s) = -130*s**3 + 71*s**2 - 98*s + 98. Determine k(1).
-59
Let r(c) = -c**3 - 1802*c**2 - 5386*c + 24. Calculate r(-3).
-9
Let g(v) = -4*v**2 + 698*v - 2754. Calculate g(4).
-26
Let r(g) = g**3 - 4*g**2 + 64*g - 502. Determine r(7).
93
Let l(b) = -378*b**2 + 68*b - 5. Give l(-2).
-1653
Let g(l) = -48*l**2 + 71*l - 155. Calculate g(0).
-155
Let b(v) = -v**2 + 34*v + 9916. Give b(-85).
-199
Let r(z) = -206*z**2 - 291*z - 579. Give r(-2).
-821
Let q(d) = 4*d**3 + 3687*d**2 - 1004*d - 75597. What is q(-922)?
7
Let g(a) = -211*a - 2748. Determine g(-4).
-1904
Let w(a) = 3*a**3 - 136*a**2 - 310*a - 119. Calculate w(48).
3433
Let f(k) = 1124*k + 16874. What is f(-14)?
1138
Let u(d) = d**3 - 50*d**2 + 216*d - 1443. What is u(46)?
29
Let y(a) = 5*a**3 - 41*a**2 - 5*a + 351. What is y(7)?
22
Let v(a) = -1676*a + 729179. Determine v(435).
119
Let u(p) = -3*p**3 - 119*p**2 + 20*p + 3847. Give u(-39).
25
Let z(d) = -138*d**3 - 17*d**2 + 17*d. Give z(1).
-138
Let d(i) = 86224*i + 3449068. Determine d(-40).
108
Let l(r) = -1800*r + 358207. Give l(199).
7
Let m(d) = -d**3 - 151*d**2 - 3483*d - 15897. Give m(-21).
-84
Let m(x) = -25*x**2 - 769*x - 9379. What is m(-12)?
-3751
Let k(j) = -9594*j - 5585. Give k(-1).
4009
Let l(y) = 51*y**2 - 12379*y + 8965. Calculate l(242).
11
Let d(g) = -4*g - 3400. Give d(-96).
-3016
Let l(o) = 2980*o + 258. Determine l(0).
258
Let f(s) = -3*s**2 + 977*s + 23249. Give f(-23).
-809
Let x(p) = 5167*p + 98173. What is x(-19)?
0
Let l(d) = -3*d**3 - 101*d**2 - 828*d - 27. Determine l(-14).
1
Let g(n) = -4737*n + 132739. What is g(28)?
103
Let g(a) = a**2 - 239*a + 11462. Give g(185).
1472
Let z(l) = -8*l**2 - 2324*l - 59736. What is z(-262)?
0
Let r(q) = 1730*q - 460287. Calculate r(266).
-107
Let m(h) = -3*h**3 + 263*h**2 + 77*h + 269. What is m(88)?
-699
Let z(y) = y**3 - 6*y**2 - 242*y + 1660. Calculate z(7).
15
Let m(x) = x**2 + 56*x + 452. Give m(-38).
-232
Let o(u) = -u**3 + 466*u**2 + 5154*u + 44357. Give o(477).
-4
Let g(z) = 4*z**2 + 143*z - 209. Give g(-35).
-314
Let q(p) = -190*p**2 - 1752*p + 26. What is q(-9)?
404
Let m(l) = 7*l**3 + 81*l**2 + 100*l + 1633. Determine m(-12).
1
Let x(j) = 47*j**2 - 3079*j - 109026. What is x(91)?
-8
Let p(c) = -c**3 - 185*c**2 - 336*c + 4613. What is p(-183)?
-877
Let v(o) = o**3 - 47*o**2 + 68*o + 1051. Give v(6).
-17
Let r(z) = -2*z**3 + 29*z**2 + 168*z - 2691. Give r(11).
4
Let z(n) = 702*n**3 - 2*n**2 + 39*n - 34. Determine z(1).
705
Let z(u) = 658*u - 238220. Give z(362).
-24
Let p(s) = -s**3 + 746*s**2 - 2898*s + 1603977. What is p(745)?
-8
Let l(b) = -2*b**2 - 2466*b - 9728. Determine l(-4).
104
Let g(r) = -4*r**2 + 838*r - 23309. Determine g(33).
-11
Let l(u) = -u**2 + 113*u - 1204. Give l(82).
1338
Let q(t) = -26792*t**2 + 482263*t - 125. Determine q(18).
1
Let c(x) = 2*x**2 - 3231*x + 25753. What is c(8)?
33
Let b(v) = 2*v**3 - 25*v**2 + 3853*v - 50267. What is b(13)?
-9
Let r(i) = 548*i + 49852. Give r(-91).
-16
Let a(v) = 677*v - 8729. Give a(16).
2103
Let d(r) = -68*r**3 - 3*r**2 + 4*r - 1. Determine d(1).
-68
Let s(b) = -b**2 + 63830*b + 510671. Determine s(-8).
-33
Let w(x) = x**3 + 44*x**2 - 214*x - 848. Calculate w(-48).
208
Let u(r) = 4107*r + 71998. Calculate u(-17).
2179
Let f(m) = -12917*m + 464766. Give f(36).
-246
Let n(x) = 91*x**2 + 5730*x - 51663. Calculate n(8).
1
